4*y + 12 = 4*x. Suppose x*h + 70 = 7*h. Is 7 a factor of h?
True
Suppose 0 = -3*n + 4*n. Suppose -12 + n = -4*q. Suppose q*u - 17 = 4*d + d, 4*u - 20 = 4*d. Does 3 divide u?
False
Let a(y) = y**3 - 4*y**2 - 13*y + 8. Let o be a(6). Let s be (-4)/(-3)*(2 - -1). Suppose -5*k = -o*j - 174, 0 = -s*k - j - 3*j + 156. Is k a multiple of 11?
False
Let a = 25 + -32. Let i be 4 - (a + 4)/3. Suppose 3*g = c + 44, 41 = i*g - 3*c - 27. Does 14 divide g?
False
Suppose 4*x - 48 = -4*y, 2*x = -6*y + y + 51. Suppose y*o - 6*o = 6. Suppose o*d - 161 = 119. Is d a multiple of 35?
True
Let y be (-3)/(-6) + -1 + 566/4. Suppose 2*g + 2*m = -m + y, -g = -m - 83. Is 26 a factor of g?
True
Suppose -a - 1880 + 8368 = 5*z, -4*a + 12 = 0. Is z a multiple of 48?
False
Suppose -2*c + 0 - 4 = 0. Let p be ((-5)/(-10))/(c/(-128)). Suppose 3*u = u + p. Is 7 a factor of u?
False
Suppose 0 = -3*l - 5*k - 7 + 23, k = 5*l - 36. Suppose 0*x - 2*x = 3*j - l, -4*j + 8 = 2*x. Does 9 divide j + (26*3)/3?
True
Suppose 3*x + 8 - 29 = 0. Let l be (-68)/x - (-16)/(-56). Is (108/l)/(6/(-20)) a multiple of 12?
True
Let k be (5 + 1)/(2 - (-2)/(-4)). Suppose k*v - 253 = l, -271 = -4*v + 2*l - 7*l. Is v a multiple of 11?
False
Let q(d) = 903*d**2 + 3*d - 2. Let t be q(1). Is (-12)/21 - t/(-14) a multiple of 7?
False
Let j(y) = 10*y**2 - 9*y + 12. Let b be j(5). Is 22 a factor of (b/(-3) + -1)*(-18)/15?
True
Let g(m) = 9*m + 111. Does 4 divide g(4)?
False
Let b(s) = 33*s + 120. Is 21 a factor of b(4)?
True
Suppose 4*u - 5 - 7 = 0. Suppose 59 = u*x - 22. Is 27 a factor of x?
True
Let g(j) = -j + 10. Let r be g(8). Suppose 13 = -r*i + 3*h, i + h = -i - 1. Let w(q) = 8*q**2 - 4. Is 12 a factor of w(i)?
False
Let k be 2/(4/(-6)*3). Let q = k + 49. Does 8 divide q?
True
Suppose 70*s + 356 = 72*s. Does 7 divide s?
False
Is 17 a factor of 1123 + (-20)/((-80)/(-8))?
False
Suppose 5*m - 1427 = 1488. Does 53 divide m?
True
Suppose -2*s - s = -9. Suppose 0 = -4*b + 5*r + 83, 0 = s*r + 12 - 3. Suppose 9 + b = 2*p. Is p a multiple of 12?
False
Suppose 4*r - 5*t - 2363 = 0, 5*r + 3*t = -0*r + 2963. Let m = r + -357. Is m a multiple of 24?
False
Suppose 4*d + 31 - 75 = 0. Let n(a) = -a + 14. Let b be n(d). Suppose 4*o + 16 = 0, b*t + 10 = 4*t + o. Is 10 a factor of t?
False
Suppose 2*r = -2*r + 8. Suppose 33 = 3*s + 3*y + 3, r*s + 3*y - 16 = 0. Does 7 divide s?
True
Suppose 5*u - 20 = 0, -4*u + 62 = 3*w - 89. Let v be (-2)/3 - 56/24. Let s = w - v. Does 16 divide s?
True
Let n be 55/8 + (-23)/(-184). Does 5 divide (-7)/3*-3*n - -4?
False
Suppose -m + 2*l = 9, 0 = -4*m + 4*l - 16 - 16. Let r(f) = -13*f - 12. Let p be r(m). Let i = p - 17. Does 18 divide i?
False
Suppose f + 4*f + 3*w = -16, -w = 3*f + 12. Suppose -2*r - 3*k = 353, 0 = -2*r - 2*k - 3*k - 347. Does 12 divide 1/(-5) + r/f?
True
Is 18/12*4112/6 a multiple of 57?
False
Let k = -56 - -38. Let c = -13 - k. Suppose -c*f + 26 = -124. Is f a multiple of 10?
True
Suppose -2*k - 4*n + 706 = 0, -2*n - 429 = -k - 56. Is k a multiple of 11?
True
Suppose 2*x - 347 = 3*n, 3*x - 7*x + 2*n + 706 = 0. Suppose 0*u = -2*u - 5*g + x, -4*g - 328 = -4*u. Is u a multiple of 14?
True
Suppose 20*y - 18*y - 450 = 0. Is 10 a factor of y?
False
Suppose 0 = -2*b + 3*b. Suppose b = 4*c - c. Suppose 5*k = -c*z + 4*z + 120, -2*k = 5*z - 15. Does 12 divide k?
False
Let d = 803 + 345. Is d a multiple of 41?
True
Let z = -3625 + 6164. Does 11 divide z?
False
Let t = -21 - -33. Let m = t + -10. Let s(b) = 10*b - 3. Does 17 divide s(m)?
True
Let g be (-1)/(1 - 5/6). Let c = 438 + -442. Is 3 a factor of c/6*(-18 - g)?
False
Suppose -5*v + 2*x = -724, 0 = -5*v + x + 944 - 217. Does 39 divide v?
False
Suppose -36 = 11*v - 20*v. Suppose q - v*q = 4*t - 376, 348 = 3*q - 3*t. Does 20 divide q?
True
Suppose 3*w - 7 = -2*g, 3*w + g - 23 = 3*g. Let n(u) = u**2 - 6*u + 3. Let l be n(w). Let q = l + 40. Is 15 a factor of q?
False
Let a be ((-4)/(-3))/((-2)/(-18)). Let y(p) = 5*p + 28. Let j be y(a). Suppose 2*c - 4*w + 31 = 119, 0 = 2*c + 5*w - j. Is c a multiple of 22?
True
Suppose -4*v + 3*d - 52 = -0*d, 0 = -4*v + d - 44. Let q(a) = -a**3 - 10*a**2 - 2*a - 2. Is q(v) a multiple of 15?
False
Let u(h) = -3*h + 24. Let a be u(8). Suppose 2*l - 4*l - 3*t = -252, a = 4*l - 2*t - 488. Does 24 divide l?
False
Is 13 a factor of 49675/225 - 4/(-18)?
True
Suppose -1928 = 2*z - 6*z. Is 29 a factor of z?
False
Let l(c) = -27*c + 116. Is l(-12) a multiple of 10?
True
Suppose -3*y + 45 = -3*c, 5*y - 2*y = 12. Let u(g) = g**2 + 11*g + 1. Let k be u(c). Is k*(3 - -14 - 3) a multiple of 14?
True
Let g = 264 + -160. Is 11 a factor of g?
False
Suppose -i = -3*n + 165, -32 = -5*n + 2*i + 242. Does 30 divide -2 + 2 + n - -1?
False
Let g(t) = -t**2 + 3*t. Let l be g(4). Let y be (-125 + 2)/(6/l). Suppose -2*z + 2*m - 5*m = -y, 2*z = 4*m + 54. Is z a multiple of 13?
False
Let g = -452 + 637. Is 7 a factor of g?
False
Is 19 a factor of ((-24)/(-16))/(5 + (-3795)/760)?
True
Suppose -6 - 30 = 3*g. Is 6 a factor of 15/g*(-1 + (-26 - -3))?
True
Let y = 2777 - 1827. Is y a multiple of 19?
True
Suppose 129*v = 102*v + 12312. Does 5 divide v?
False
Suppose 0 = -5*a + 3*u + 4143, 2*a - 1426 = 3*u + 224. Does 71 divide a?
False
Suppose -3575 = -5*n + 4*l + 3667, -3*l = -6. Does 50 divide n?
True
Suppose 4*r - 8*r - 20 = 2*m, -4 = m. Let f(o) = o**3 + 5*o**2 - 5*o - 7. Does 13 divide f(r)?
True
Let y = -90 + 1010. Does 5 divide y?
True
Let r = -44 + 244. Does 32 divide r?
False
Let j(i) = -11 - 2*i + i**3 + 109 + i**2 - 8 + 37. Is 12 a factor of j(0)?
False
Suppose 3*r - 825 = 2712. Is 23 a factor of r?
False
Is ((-52)/39)/((-1)/513) + 0 a multiple of 19?
True
Let c be (-3)/(-7) + 158/7. Suppose -x = -y + c, -4*y - 65 = -9*y - 5*x. Suppose 0 = 2*v - y - 12. Does 5 divide v?
True
Suppose 2*h + 5*a - 49 = 673, -4*a + 1456 = 4*h. Is h a multiple of 10?
False
Let r = 132 + 133. Is r a multiple of 53?
True
Suppose 2925 = -41*z + 46*z. Is z a multiple of 28?
False
Let r(p) = p**3 + 5*p**2 - 2*p - 5. Let i be r(-5). Let v(n) = 4*n**2 - 3*n + 17. Does 17 divide v(i)?
True
Suppose -13*x = -475 - 1631. Does 9 divide x?
True
Does 10 divide (-6)/90*-3455 - 2/6?
True
Let d be (-663)/(-9) + 2/6. Suppose -19 = b + s - 108, -d = -b - 4*s. Is 23 a factor of b - 2 - (-1 + 1)?
True
Suppose 2*l + 0*u = 3*u + 105, 5*l = 5*u + 260. Suppose 0 = -5*p + 204 + l. Is p a multiple of 19?
False
Let w = -28 + 23. Is w*((-93)/15 + 1) a multiple of 6?
False
Let m be (8/(-6))/(3/(-9)). Suppose p - m*p + 12 = 0, p - 78 = -2*t. Is t a multiple of 22?
False
Let g = -701 + 1605. Is g a multiple of 30?
False
Let h(w) be the second derivative of 3*w**5/20 - w**4/6 - 5*w**3/6 + 3*w**2 + 3*w. Does 13 divide h(3)?
False
Let q(f) = -19*f**3 + f**2 - f - 1. Let j be q(-1). Suppose j = 5*m - 0*m. Suppose -60 = -m*g + 4*x - 3*x, 4*g + 3*x = 44. Does 14 divide g?
True
Let k(y) = y**3 + 11*y**2 - 2*y - 20. Let q be k(-11). Suppose -4*w + 344 = 2*x, -q*w + 3*w + 3*x - 91 = 0. Is w a multiple of 17?
True
Let i(w) = 149*w**2 + 3*w - 2. Is 46 a factor of i(-2)?
False
Let k(d) = 2*d**2 + 2*d. Let f be k(2). Let h = 6 - f. Is 3/h - (-348)/8 a multiple of 18?
False
Let i be (-3 - -51)*3/6. Suppose 4*m + 2*q = 6*q + 48, -2*q + i = 2*m. Is 4 a factor of m?
True
Let u = 9 + -4. Suppose -u = -z - 3. Suppose -l + z*l = 48. Is 10 a factor of l?
False
Let i(j) = -8*j - 3. Let k be i(-5). Let o be 45/60*(-12)/(-3). Suppose 5*q - 5*c = 45, 0*c = o*q - c - k. Does 14 divide q?
True
Let z be (-4)/2 - 3/(-6)*14. Suppose -w + 504 = z*w. Does 14 divide w?
True
Suppose 0 = 39*y - 18958 - 33107. Does 21 divide y?
False
Suppose -5*j = 5*f - 15, -4*j + 12 = 7*f - 2*f. Suppose f = -8*g + 4*g + 108. Suppose 5*s + 7 - g = 0. Is 4 a factor of s?
True
Suppose -1320 = -21*w + 17*w. Is 7 a factor of w?
False
Let o(q) = 22*q + 1. Let y be -1*(-4 - -7 - 2). Let n(v) = -v - 1. Let j(a) = y*o(a) + 4*n(a). Does 12 divide j(-2)?
False
Let l(n) = 2*n**3 - n**2 - 7*n. Suppose -5 = 2*w - 13. Is l(w) a multiple of 15?
False
Let u = 20 + -20. Suppose -2*i + u = 16. Is 12 a factor of ((-117)/18)/(1/i)?
False
Suppose -4*u + 3*y - 15 = 0, 5*y - 10 = 4*u + 7*y. Let x be -2 - 6/(1 + u). Is -15*x*(2 - 3) a multiple of 12?
False
Let r(y) be the first derivative of y**4/4 - 5*y**3/3 - y**2 - 3*y - 1. Does 9 divide r